the hundred millions digit of 146173717?
1
What is the units digit of 46504360?
0
What is the ten thousands digit of 13490613?
9
What is the units digit of 142348651?
1
What is the hundreds digit of 2428079351?
3
What is the hundred thousands digit of 25683817?
6
What is the ten thousands digit of 88304931?
0
What is the tens digit of 83807154?
5
What is the units digit of 230653445?
5
What is the hundreds digit of 7042961578?
5
What is the ten thousands digit of 352658360?
5
What is the tens digit of 404188416?
1
What is the ten thousands digit of 62825683?
2
What is the hundred millions digit of 141244323?
1
What is the millions digit of 1071982237?
1
What is the hundred millions digit of 1282165308?
2
What is the tens digit of 4068978156?
5
What is the ten millions digit of 230298741?
3
What is the hundred thousands digit of 90557530?
5
What is the millions digit of 27150249?
7
What is the units digit of 340185975?
5
What is the ten millions digit of 52361114?
5
What is the ten thousands digit of 85114217?
1
What is the ten thousands digit of 1461716584?
1
What is the tens digit of 6027406584?
8
What is the ten thousands digit of 848780296?
8
What is the units digit of 28024030?
0
What is the thousands digit of 8636332?
6
What is the tens digit of 697496365?
6
What is the tens digit of 240053760?
6
What is the ten thousands digit of 1074276698?
7
What is the ten thousands digit of 971925792?
2
What is the millions digit of 7950249107?
0
What is the thousands digit of 172865121?
5
What is the millions digit of 61050611?
1
What is the units digit of 775341480?
0
What is the ten millions digit of 1414430246?
1
What is the ten thousands digit of 23266197?
6
What is the thousands digit of 51384735?
4
What is the units digit of 4987968?
8
What is the hundred thousands digit of 340373893?
3
What is the millions digit of 1188819152?
8
What is the ten thousands digit of 871530566?
3
What is the ten thousands digit of 197903577?
0
What is the hundred thousands digit of 46471058?
4
What is the billions digit of 3457867650?
3
What is the hundreds digit of 69513169?
1
What is the units digit of 2604741203?
3
What is the ten thousands digit of 4743612478?
1
What is the ten millions digit of 245016531?
4
What is the ten thousands digit of 1248217982?
1
What is the hundred millions digit of 447149199?
4
What is the tens digit of 115847318?
1
What is the hundreds digit of 1251570418?
4
What is the hundred thousands digit of 1020101146?
1
What is the millions digit of 1503664487?
3
What is the millions digit of 165603056?
5
What is the thousands digit of 98840324?
0
What is the thousands digit of 279469837?
9
What is the hundreds digit of 181659414?
4
What is the ten millions digit of 141062173?
4
What is the ten thousands digit of 453603289?
0
What is the ten millions digit of 1709784975?
0
What is the hundred millions digit of 224354069?
2
What is the millions digit of 1264211612?
4
What is the ten thousands digit of 1424072936?
7
What is the hundred thousands digit of 378690164?
6
What is the units digit of 66586692?
2
What is the ten millions digit of 1787246422?
8
What is the tens digit of 107328755?
5
What is the units digit of 6915124?
4
What is the millions digit of 141774300?
1
What is the units digit of 257965809?
9
What is the tens digit of 45158798?
9
What is the tens digit of 20007509?
0
What is the hundreds digit of 5120074446?
4
What is the tens digit of 3393191226?
2
What is the ten millions digit of 21661820?
2
What is the ten thousands digit of 10729947?
2
What is the ten thousands digit of 139783020?
8
What is the units digit of 235135747?
7
What is the ten millions digit of 55483684?
5
What is the thousands digit of 419043657?
3
What is the ten millions digit of 27550152?
2
What is the ten thousands digit of 28304015?
0
What is the ten millions digit of 95960443?
9
What is the hundred millions digit of 3596485742?
5
What is the millions digit of 17146342?
7
What is the hundred thousands digit of 27656688?
6
What is the millions digit of 77526719?
7
What is the billions digit of 1665003085?
1
What is the hundreds digit of 21321010?
0
What is the thousands digit of 6242322?
2
What is the tens digit of 156890512?
1
What is the units digit of 5133968780?
0
What is the units digit of 77124747?
7
What is the ten millions digit of 62441794?
6
What is the thousands digit of 506168652?
8
What is the tens digit of 28812820?
2
What is the ten thousands digit of 761871423?
7
What is the ten millions digit of 949635236?
4
What is the hundreds digit of 2334566906?
9
What is the thousands digit of 102475420?
5
What is the hundreds digit of 832667679?
6
What is the ten millions digit of 577008341?
7
What is the ten millions digit of 1067129880?
6
What is the millions digit of 45384811?
5
What is the hundreds digit of 4033813124?
1
What is the hundreds digit of 342472795?
7
What is the tens digit of 65756972?
7
What is the units digit of 340955685?
5
What is the thousands digit of 93278586?
8
What is the ten millions digit of 412593719?
1
What is the hundred thousands digit of 3056774336?
7
What is the millions digit of 2079186871?
9
What is the hundred millions digit of 264135256?
2
What is the thousands digit of 43324345?
4
What is the thousands digit of 631869024?
9
What is the ten millions digit of 1948736801?
4
What is the thousands digit of 512951550?
1
What is the billions digit of 4188575589?
4
What is the hundreds digit of 8656361?
3
What is the hundreds digit of 4330603774?
7
What is the hundred thousands digit of 732790066?
7
What is the ten millions digit of 4602982966?
0
What is the ten millions digit of 315042617?
1
What is the millions digit of 32338744?
2
What is the hundred thousands digit of 221552757?
5
What is the hundreds digit of 1066300723?
7
What is the units digit of 92051987?
7
What is the millions digit of 2042328683?
2
What is the ten millions digit of 16194870?
1
What is the thousands digit of 18767055?
7
What is the hundred thousands digit of 85906516?
9
What is the thousands digit of 979291953?
1
What is the units digit of 709235684?
4
What is the tens digit of 14030259?
5
What is the hundreds digit of 183428180?
1
What is the units digit of 750400170?
0
What is the units digit of 247440011?
1
What is the thousands digit of 4223837058?
7
What is the thousands digit of 460027528?
7
What is the billions digit of 6769561565?
6
What is the ten millions digit of 261719445?
6
What is the millions digit of 934695394?
4
What is the millions digit of 172324290?
2
What is the hundred thousands digit of 191169229?
1
What is the hundred thousands digit of 1223822176?
8
What is the millions digit of 29323660?
9
What is the ten thousands digit of 8133012?
3
What is the billions digit of 1498206419?
1
What is the ten millions digit of 2680671501?
8
What is the millions digit of 708891416?
8
What is the tens digit of 1977019433?
3
What is the millions digit of 939128922?
9
What is the units digit of 55111225?
5
What is the millions digit of 346754764?
6
What is the ten thousands digit of 737405895?
0
What is the thousands digit of 1077272188?
2
What is the ten thousands digit of 261275943?
7
What is the hundred thousands digit of 105576301?
5
What is the ten millions digit of 171551711?
7
What is the ten thousands digit of 304007633?
0
What is the ten millions digit of 111351241?
1
What is the thousands digit of 426658144?
8
What is the units digit of 6637852829?
9
What is the millions digit of 9817494?
9
What is the thousands digit of 4228865517?
5
What is the thousands digit of 309343229?
3
What is the units digit of 92085808?
8
What is the billions digit of 3958737326?
3
What is the units digit of 103722509?
9
What is the thousands digit of 1583394890?
4
What is the units digit of 511243917?
7
What is the ten thousands digit of 5761221340?
2
What is the ten millions digit of 91063308?
9
What is the hundred thousands digit of 258476832?
4
What is the ten thousands digit of 34062670?
6
What is the hundreds digit of 44301779?
7
What is the thousands digit of 2187081706?
1
What is the thousands digit of 1063124011?
4
What is the tens digit of 51910147?
4
What is the ten millions digit of 433622167?
3
What is the hundred thousands digit 